est common factor of 197 and 84907.
197
Calculate the highest common divisor of 6539 and 109654.
503
What is the greatest common factor of 109067 and 14?
7
What is the highest common divisor of 5500 and 925?
25
What is the greatest common divisor of 2842386 and 276?
138
What is the greatest common factor of 11545 and 5?
5
What is the greatest common factor of 3031455 and 21?
21
Calculate the greatest common factor of 7585 and 205.
205
What is the highest common divisor of 81009 and 495?
9
Calculate the highest common divisor of 35 and 1366985.
5
Calculate the greatest common factor of 38151 and 18.
9
What is the greatest common divisor of 198 and 16704?
18
What is the highest common divisor of 28009 and 37?
37
Calculate the highest common factor of 268765 and 1225.
245
Calculate the greatest common factor of 186 and 625332.
186
Calculate the greatest common factor of 1798 and 99882.
62
What is the highest common divisor of 65200 and 400?
400
What is the greatest common factor of 1232 and 35?
7
What is the highest common factor of 123 and 214717?
41
Calculate the greatest common factor of 165 and 13365.
165
What is the highest common divisor of 3757 and 2023?
289
What is the greatest common divisor of 2639 and 4872?
203
Calculate the highest common divisor of 78 and 12583779.
39
Calculate the greatest common factor of 339 and 142041.
339
What is the highest common factor of 62 and 53847?
31
What is the highest common divisor of 315861 and 33642?
1869
What is the highest common divisor of 295 and 15222?
59
Calculate the greatest common divisor of 288 and 213504.
96
What is the greatest common divisor of 238 and 2051?
7
Calculate the greatest common factor of 110670 and 238.
238
What is the greatest common factor of 471986 and 2454?
818
Calculate the highest common divisor of 26 and 124176.
26
What is the greatest common factor of 20 and 34810?
10
Calculate the greatest common divisor of 114 and 2304.
6
Calculate the greatest common divisor of 85 and 3762865.
85
Calculate the greatest common factor of 3094 and 9520.
238
What is the highest common factor of 1440 and 290?
10
Calculate the highest common factor of 34151 and 1775.
71
What is the highest common divisor of 162 and 9378?
18
Calculate the greatest common factor of 4975 and 3500.
25
Calculate the greatest common divisor of 19 and 3919.
1
What is the greatest common factor of 873270 and 775?
155
What is the greatest common divisor of 471371 and 779?
19
Calculate the highest common divisor of 6041 and 21.
7
Calculate the greatest common factor of 968 and 6717436.
484
Calculate the highest common divisor of 50622 and 199914.
858
What is the greatest common divisor of 10602 and 578398?
1178
Calculate the highest common factor of 61259 and 385.
11
What is the highest common factor of 585 and 2165085?
585
What is the highest common divisor of 133 and 139615?
7
Calculate the highest common divisor of 2664 and 2183.
37
What is the highest common divisor of 24 and 130308?
12
Calculate the greatest common factor of 2988 and 307100.
332
Calculate the greatest common factor of 11 and 9917237.
11
What is the highest common divisor of 6188 and 98?
14
Calculate the greatest common factor of 8232 and 303555.
1029
Calculate the highest common divisor of 39 and 132574.
13
Calculate the highest common divisor of 27 and 64341.
27
Calculate the greatest common divisor of 358 and 125479.
179
What is the greatest common divisor of 396 and 512?
4
What is the highest common divisor of 567 and 19521?
81
What is the greatest common divisor of 8945 and 405?
5
What is the greatest common divisor of 25 and 74225?
25
Calculate the highest common divisor of 28 and 166082.
14
Calculate the highest common factor of 102235 and 10.
5
Calculate the highest common factor of 153228 and 10848.
1356
Calculate the greatest common factor of 23 and 79741.
23
What is the greatest common divisor of 6 and 16359?
3
What is the highest common divisor of 279380 and 14030?
610
What is the highest common divisor of 4409 and 535?
1
Calculate the greatest common divisor of 5388 and 2097.
3
What is the greatest common divisor of 328096 and 128?
32
What is the greatest common divisor of 2307 and 108?
3
What is the highest common factor of 20 and 12655?
5
Calculate the greatest common factor of 14 and 110894.
14
What is the highest common divisor of 349668 and 396?
396
What is the greatest common factor of 12 and 377772?
12
Calculate the highest common factor of 51939 and 320589.
1791
Calculate the highest common factor of 1683 and 43299.
153
Calculate the greatest common factor of 3751 and 1426.
31
What is the highest common factor of 120 and 128985?
15
What is the greatest common factor of 119295 and 11?
11
Calculate the greatest common divisor of 13783 and 77.
77
Calculate the greatest common factor of 370 and 520.
10
What is the highest common divisor of 2179155 and 1410?
705
Calculate the greatest common factor of 1475682 and 117.
39
What is the highest common divisor of 58216 and 7?
1
What is the highest common divisor of 2685 and 993?
3
What is the greatest common factor of 511 and 194691?
511
What is the highest common divisor of 109242 and 289?
289
What is the greatest common factor of 1442 and 7448?
14
What is the greatest common divisor of 7075343 and 55?
11
What is the highest common divisor of 1015 and 660310?
35
What is the greatest common divisor of 423911 and 584?
73
Calculate the greatest common divisor of 1285065 and 40.
5
What is the highest common factor of 22050 and 30510?
90
What is the highest common factor of 2529448 and 233?
233
Calculate the highest common divisor of 46610 and 177.
59
What is the greatest common divisor of 20728 and 34?
2
What is the greatest common factor of 315 and 22200?
15
What is the greatest common divisor of 5313 and 3927?
231
What is the greatest common factor of 31 and 1832317?
31
Calculate the highest common factor of 235 and 393719.
47
What is the highest common factor of 1887 and 1632?
51
Calculate the highest common factor of 1772635 and 1230.
205
What is the greatest common factor of 38 and 836?
38
What is the highest common divisor of 12426 and 494?
38
Calculate the highest common divisor of 1150 and 15525.
575
Calculate the highest common factor of 5 and 3820.
5
Calculate the greatest common factor of 105496 and 28.
4
Calculate the highest common divisor of 163 and 62592.
163
Calculate the highest common factor of 84 and 3836.
28
What is the greatest common divisor of 6 and 95550?
6
What is the highest common factor of 18988 and 3008?
188
Calculate the highest common divisor of 9600 and 804.
12
What is the greatest common factor of 180 and 286353?
9
Calculate the greatest common divisor of 336 and 972.
12
Calculate the highest common divisor of 270 and 17830.
10
What is the highest common factor of 20310 and 6?
6
Calculate the highest common divisor of 202220 and 80.
20
What is the highest common factor of 48 and 3188?
4
What is the greatest common factor of 3213 and 635409?
153
Calculate the greatest common factor of 315 and 1755.
45
What is the highest common divisor of 69 and 2371967?
23
Calculate the greatest common factor of 65631 and 5010.
501
What is the highest common factor of 1031378 and 596?
298
What is the highest common factor of 919 and 8970359?
919
What is the highest common factor of 2087222 and 35486?
3226
What is the greatest common divisor of 35 and 575?
5
What is the highest common divisor of 4579 and 1273?
19
Calculate the highest common factor of 22418800 and 410.
410
What is the greatest common factor of 2481 and 1077?
3
Calculate the highest common factor of 1358 and 1980643.
679
What is the greatest common factor of 112238 and 14?
14
Calculate the highest common divisor of 29955 and 30.
15
Calculate the highest common divisor of 76457 and 2727.
101
Calculate the highest common factor of 180 and 110115.
45
Calculate the highest common divisor of 1003 and 73168.
17
What is the highest common factor of 130280 and 40?
40
What is the greatest common divisor of 2288 and 481?
13
Calculate the greatest common factor of 10 and 20158.
2
Calculate the greatest common factor of 5900 and 237770.
590
Calculate the highest common factor of 1090992 and 7640.
1528
Calculate